{"id":2,"date":"2012-02-04T22:53:24","date_gmt":"2012-02-04T22:53:24","guid":{"rendered":"http:\/\/www.circulum.de\/wordpress\/?page_id=2"},"modified":"2026-01-29T17:12:20","modified_gmt":"2026-01-29T16:12:20","slug":"beispiel-seite","status":"publish","type":"page","link":"https:\/\/www.circulum.de\/wordpress\/?page_id=2","title":{"rendered":"\u00dcber den Verein"},"content":{"rendered":"<h4><span style=\"text-decoration: underline\"><strong>Ziele des Circulum e. V.<\/strong><\/span><\/h4>\n<p>Der Verein soll:<\/p>\n<ul type=\"square\">\n<li>regelm\u00e4\u00dfige Trainingsm\u00f6glichkeiten zum Jonglieren organisieren,<\/li>\n<li>f\u00fcr interessierte Auftrittsm\u00f6glichkeiten organisieren,<\/li>\n<li>durch Rundbriefe Informationen \u00fcbers Jonglieren, Treffpunkte, Veranstaltungen ver\u00f6ffentlichen,<\/li>\n<li>Ansprechpartner f\u00fcr Anf\u00e4nger sein,<\/li>\n<li>Ansprechpartner f\u00fcr Schulen und Kindergruppen sein,<\/li>\n<li>Sommerfeste, Conventions, Workshops organisieren,<\/li>\n<li>Zusammenarbeit mit Jonglierl\u00e4den organisieren,<\/li>\n<li>Zugang zu Jonglierliteratur er\u00f6ffnen, eventuell eine kleine Bibliothek erstellen,<\/li>\n<li>Anlaufpunkt und Informationsb\u00f6rse sein,<\/li>\n<li>der Kommunikation und dem Erfahrungsaustausch dienen.<\/li>\n<\/ul>\n<h4><span style=\"text-decoration: underline\"><strong>Vorstand<\/strong><\/span><\/h4>\n<table cellpadding=\"5\" align=\"center\">\n<tbody>\n<tr>\n<td align=\"right\">1. Vorsitzender:<\/td>\n<td>Falk Hante<\/td>\n<td><\/td>\n<\/tr>\n<tr>\n<td align=\"right\">2. Vorsitzender:<\/td>\n<td>Oliver Rudolph<\/td>\n<td><\/td>\n<\/tr>\n<tr>\n<td align=\"right\">Schatzmeister:<\/td>\n<td>Finn Harwege<\/td>\n<td><\/td>\n<\/tr>\n<\/tbody>\n<\/table>\n<h4><span style=\"text-decoration: underline\"><strong>Mail an den Vorstand<\/strong><\/span><\/h4>\n<p>Hier kann man eine Mail an den <a href=\"mailto:vorstand@circulum.de\">1. Vorsitzenden<\/a>, den kompletten <a href=\"mailto:kontakt@circulum.de\">Vorstand<\/a> (normaler Weg) oder direkt an den <a href=\"mailto:schatzmeister@circulum.de\">Schatzmeister<\/a> schreiben.<\/p>\n<h4><span style=\"text-decoration: underline\"><strong>Satzung 2019<\/strong><\/span><\/h4>\n<p>Hier kann die <a title=\"Satzung\" href=\"http:\/\/www.circulum.de\/attachments\/Satzung201905.pdf\">Satzung<\/a> heruntergeladen werden.<\/p>\n<h4><span style=\"text-decoration: underline\"><strong>Mitgliedschaft<\/strong><\/span><\/h4>\n<p align=\"justify\"><a href=\"https:\/\/www.circulum.de\/wordpress\/wp-content\/uploads\/2025\/01\/Mitgliedsantrag-Circulum-202501.pdf\">Antrag auf Mitgliedschaft<\/a><\/p>\n<p align=\"justify\">Die Mitgliedschaft bei Circulum e.V. kostet <strong>36,- Euro pro Jahr (normal) <\/strong>bzw. <strong>21,60 Euro (erm\u00e4\u00dfigt)<\/strong>. F\u00fcr die Teilnahme am Kinderzirkuskurs ist ein gesonderter Beitrag f\u00e4llig. <strong>Nach<\/strong> \u00dcbersendung Eures Mitgliedsantrages erhaltet Ihr von uns <strong>eine Informationsmail<\/strong> mit allen n\u00f6tigen Infos \u00fcber den <strong>anteiligen<\/strong> Beitrag f\u00fcr das laufende Jahr (<span style=\"color: #ff0000\">bitte erst nach Erhalt der Mail \u00fcberweisen<\/span>). Der Folgebeitrag ist dann j\u00e4hrlich unter Angabe Eurer Mitgliedsnummer immer<strong> im Januar<\/strong> f\u00fcr das komplette Jahr auf folgendes Konto zu zahlen:<\/p>\n<table>\n<tbody>\n<tr>\n<td>Kontoinhaber:<\/td>\n<td>Circulum e.V.<\/td>\n<\/tr>\n<tr>\n<td>Kontonummer:<\/td>\n<td>1126187100<\/td>\n<\/tr>\n<tr>\n<td>BLZ:<\/td>\n<td>43060967<\/td>\n<\/tr>\n<tr>\n<td>Institut:<\/td>\n<td>GLS-Bank<\/td>\n<\/tr>\n<tr>\n<td>IBAN:<\/td>\n<td>DE87 4306 0967 1126 1871 00<\/td>\n<\/tr>\n<tr>\n<td>BIC:<\/td>\n<td>GENODEM1GLS<\/td>\n<\/tr>\n<\/tbody>\n<\/table>\n<p align=\"justify\">Die Mitgliedschaft erm\u00f6glicht die Teilnahme an allen w\u00f6chentlichen Circulum Jonglier- und Einradtreffs (siehe <a title=\"Kalender\" href=\"http:\/\/www.circulum.de\/wordpress\/?page_id=13\">Kalender<\/a>). Mitglieder sind bei den Treffen unfallversichert.<\/p>\n<p align=\"justify\">Wenn ihr eintreten m\u00f6chtet, sprecht am besten ein Vorstandsmitglied\u00a0beim Training an oder informiert Euch bei den anwesenden Vereinsmitgliedern.<\/p>\n<p align=\"justify\">Der Circulum e. V. ist Mitglied im Berliner Turn- und Freizeitsportbund (BTFB) &amp; im Landessportbund Berlin.<\/p>\n<h4><span style=\"text-decoration: underline\"><strong>Rundbriefe (bis 2013)<br \/>\n<\/strong><\/span><\/h4>\n<ul>\n<li>\n<h4><a href=\"http:\/\/www.circulum.de\/documents\/rundbrief021.pdf\" target=\"_blank\" rel=\"noopener noreferrer\">Rundbrief 21 &#8211; Oktober 2004<\/a><\/h4>\n<\/li>\n<li>\n<h4><a href=\"http:\/\/www.circulum.de\/documents\/rundbrief022.pdf\" target=\"_blank\" rel=\"noopener noreferrer\">Rundbrief 22 &#8211; Januar 2005<\/a><\/h4>\n<\/li>\n<li>\n<h4><a href=\"http:\/\/www.circulum.de\/documents\/rundbrief023.pdf\" target=\"_blank\" rel=\"noopener noreferrer\">Rundbrief 23 &#8211; Juli 2005<\/a><\/h4>\n<\/li>\n<li>\n<h4><a href=\"http:\/\/www.circulum.de\/documents\/rundbrief024.pdf\" target=\"_blank\" rel=\"noopener noreferrer\">Rundbrief 24 &#8211; Dezember 2005<\/a><\/h4>\n<\/li>\n<li>\n<h4><a href=\"http:\/\/www.circulum.de\/attachments\/27.rundbrief.pdf\" target=\"_blank\" rel=\"noopener noreferrer\">Rundbrief 27 &#8211; Januar 2008<\/a><\/h4>\n<\/li>\n<li>\n<h4><a href=\"http:\/\/www.circulum.de\/attachments\/Rundbrief_28.pdf\" target=\"_blank\" rel=\"noopener noreferrer\">Rundbrief 28 &#8211; Januar 2012<\/a><\/h4>\n<\/li>\n<li>\n<h4><a href=\"http:\/\/www.circulum.de\/attachments\/Rundbrief_29.pdf\" target=\"_blank\" rel=\"noopener noreferrer\">Rundbrief 29 &#8211; Februar 2013<\/a><\/h4>\n<\/li>\n<li>\n<h4><a href=\"http:\/\/www.circulum.de\/attachments\/Rundbrief_30.pdf\" target=\"_blank\" rel=\"noopener noreferrer\">Rundbrief 30 &#8211; M\u00e4rz 2013<\/a><\/h4>\n<\/li>\n<\/ul>\n","protected":false},"excerpt":{"rendered":"<p>Ziele des Circulum e. V. Der Verein soll: regelm\u00e4\u00dfige Trainingsm\u00f6glichkeiten zum Jonglieren organisieren, f\u00fcr interessierte Auftrittsm\u00f6glichkeiten organisieren, durch Rundbriefe Informationen \u00fcbers Jonglieren, Treffpunkte, Veranstaltungen ver\u00f6ffentlichen, Ansprechpartner f\u00fcr Anf\u00e4nger sein, Ansprechpartner f\u00fcr Schulen und Kindergruppen sein, Sommerfeste, Conventions, Workshops organisieren, Zusammenarbeit &hellip; <a href=\"https:\/\/www.circulum.de\/wordpress\/?page_id=2\">Weiterlesen <span class=\"meta-nav\">&rarr;<\/span><\/a><\/p>\n","protected":false},"author":1,"featured_media":0,"parent":0,"menu_order":0,"comment_status":"open","ping_status":"open","template":"","meta":{"footnotes":""},"class_list":["post-2","page","type-page","status-publish","hentry"],"_links":{"self":[{"href":"https:\/\/www.circulum.de\/wordpress\/index.php?rest_route=\/wp\/v2\/pages\/2","targetHints":{"allow":["GET"]}}],"collection":[{"href":"https:\/\/www.circulum.de\/wordpress\/index.php?rest_route=\/wp\/v2\/pages"}],"about":[{"href":"https:\/\/www.circulum.de\/wordpress\/index.php?rest_route=\/wp\/v2\/types\/page"}],"author":[{"embeddable":true,"href":"https:\/\/www.circulum.de\/wordpress\/index.php?rest_route=\/wp\/v2\/users\/1"}],"replies":[{"embeddable":true,"href":"https:\/\/www.circulum.de\/wordpress\/index.php?rest_route=%2Fwp%2Fv2%2Fcomments&post=2"}],"version-history":[{"count":50,"href":"https:\/\/www.circulum.de\/wordpress\/index.php?rest_route=\/wp\/v2\/pages\/2\/revisions"}],"predecessor-version":[{"id":2081,"href":"https:\/\/www.circulum.de\/wordpress\/index.php?rest_route=\/wp\/v2\/pages\/2\/revisions\/2081"}],"wp:attachment":[{"href":"https:\/\/www.circulum.de\/wordpress\/index.php?rest_route=%2Fwp%2Fv2%2Fmedia&parent=2"}],"curies":[{"name":"wp","href":"https:\/\/api.w.org\/{rel}","templated":true}]}}